{"id":141,"date":"2017-03-30T13:33:34","date_gmt":"2017-03-30T11:33:34","guid":{"rendered":"http:\/\/www.fazioli.com\/der-saal\/"},"modified":"2022-08-31T16:30:08","modified_gmt":"2022-08-31T14:30:08","slug":"der-saal","status":"publish","type":"page","link":"https:\/\/www.fazioli.com\/de\/der-saal\/","title":{"rendered":"Fazioli Concert Hall"},"content":{"rendered":"\n<p>Das <strong>FAZIOLI CONCERT HALL<\/strong> spiegelt deutlich das Bild einer Firma wieder, die nicht nur der F\u00f6rderung ihres Produktes sondern auch der Welt der Kunst und Kultur ergeben ist, f\u00fcr die die Fazioli Fl\u00fcgel bestimmt sind.<br>Der Saal, der seit 2004 neben der FAZIOLI Fabrik liegt, verf\u00fcgt \u00fcber 198 Sitzen plus 40 zus\u00e4tzlichen Sitzen. Seine B\u00fchne kann Musikensembles bis zu dem mittleren Orchester beherbergen.<br>Er wurde mit der gr\u00f6\u00dften Aufmerksamkeit zu den akustischen Merkmalen entworfen. In der Tat, dank verschiedener technischen Einrichtungen \u2013 akustische Holzwimpern, Holzpaneelen und schallabsorbierenden Material \u2013 ist es m\u00f6glich, auf die Nachhallzeit einzuwirken und somit auch auf die Eigenschaften des Tonumfelds, um mehr Resonanz oder mehr Schallabsorption hinzubekommen.<br>Dank dieser Vielseitigkeit, eignet sich der Saal, Proben und Instrumentenausw\u00e4hle aufzunehmen \u2013 mit besonderer Ber\u00fccksichtigung auf diejenigen, die f\u00fcr die gr\u00f6\u00dften S\u00e4len, Konzerten und Aufzeichnungen bestimmt sind.<\/p>\n\n\n\n<h2 class=\"titolo-interno wp-block-heading\">KONZERTE<\/h2>\n\n\n\n<p><img decoding=\"async\" width=\"1200\" class=\" size-full wp-image-128\" src=\"http:\/\/www.fazioli.com\/wp-content\/uploads\/2017\/03\/img-registrazioni.jpg\" alt=\"Fazioli \/ Concerti\" srcset=\"https:\/\/www.fazioli.com\/wp-content\/uploads\/2017\/03\/img-registrazioni.jpg 1200w, https:\/\/www.fazioli.com\/wp-content\/uploads\/2017\/03\/img-registrazioni-300x105.jpg 300w, https:\/\/www.fazioli.com\/wp-content\/uploads\/2017\/03\/img-registrazioni-1024x358.jpg 1024w, https:\/\/www.fazioli.com\/wp-content\/uploads\/2017\/03\/img-registrazioni-768x269.jpg 768w\" sizes=\"(max-width: 1200px) 100vw, 1200px\" \/><\/p>\n\n\n\n<p>Die Konzertreihe des in 2005 er\u00f6ffneten Fazioli Concert Halls befindet sich heute inmitten seiner 13. Saison: eine bedeutende Etappe, die den st\u00e4ndigen und privilegierten Kontakt der Firma FAZIOLI mit den renommiertesten K\u00fcnstlern der Weltmusikszene, sowie die F\u00f6rderung der jungen Talenten \u2013 ein sehr wichtiger Punkt f\u00fcr FAZIOLI \u2013 hervorhebt. Genau f\u00fcr die Pianisten der neuen Generation wurde die \u201e<strong>Winners<\/strong>\u201c Konzertreihe konzipiert, die f\u00fcr die Preistr\u00e4ger verschiedener Klavierwettbewerben bestimmt ist.<br>Alle Konzerte sind der \u00d6ffentlichkeit zug\u00e4nglich und die Saison zieht sowohl die \u00f6rtliche als auch eine ausl\u00e4ndische H\u00f6rerschaft an, mit wesentlichen Auswirkungen auf die kulturelle Entwicklung der gesamten Gegend.<\/p>\n\n\n\n<h2 class=\"titolo-interno wp-block-heading\">AUFZEICHNUNGEN<\/h2>\n\n\n\n<figure class=\"wp-block-image size-large\"><img loading=\"lazy\" decoding=\"async\" width=\"1024\" height=\"358\" src=\"http:\/\/www.fazioli.com\/wp-content\/uploads\/2017\/03\/img-concerti-1024x358.jpg\" alt=\"\" class=\"wp-image-135\" srcset=\"https:\/\/www.fazioli.com\/wp-content\/uploads\/2017\/03\/img-concerti-1024x358.jpg 1024w, https:\/\/www.fazioli.com\/wp-content\/uploads\/2017\/03\/img-concerti-300x105.jpg 300w, https:\/\/www.fazioli.com\/wp-content\/uploads\/2017\/03\/img-concerti-768x269.jpg 768w, https:\/\/www.fazioli.com\/wp-content\/uploads\/2017\/03\/img-concerti.jpg 1200w\" sizes=\"auto, (max-width: 1024px) 100vw, 1024px\" \/><\/figure>\n\n\n\n<p>Aufzeichnungen am Fazioli Concert Hall sind die perfekte L\u00f6sung f\u00fcr diejenigen, die an einem einzigartigen Ort nach der Antwort auf verschiedene Anspr\u00fcche suchen:<\/p>\n\n\n\n<ul class=\"wp-block-list\"><li>Eine optimale und modulierbare Akustik<\/li><li>Ein erstrangiger Fl\u00fcgel<\/li><li>Ein immer zur Verf\u00fcgung stehender Techniker<\/li><li>Ein angenehmes und professionelles Arbeitsumfeld.<\/li><\/ul>\n\n\n\n<p>Vorgesehen ist, dass die K\u00fcnstler mit den Toningenieuren ihres Vertrauens arbeiten.<br>In der Tat, ist der Saal absichtlich nicht mit Mikrofonen und Mixers ausgestattet, um Au\u00dfentoningenieure zu erm\u00f6glichen, ihre eigene Ausr\u00fcstung im Kontrollraum einzurichten.<br>Unsere B\u00fcros k\u00f6nnen Toningenieure nachgewiesener Ruf und Erfahrung empfehlen, mit denen die K\u00fcnstler (bzw. Ihre Produzenten) direkten Kontakt aufnehmen sollen, sowohl auf wirtschaftlicher als auch auf organisatorischer Ebene.<\/p>\n","protected":false},"excerpt":{"rendered":"<p>Das FAZIOLI CONCERT HALL spiegelt deutlich das Bild einer Firma wieder, die nicht nur der F\u00f6rderung ihres Produktes sondern auch [&hellip;]<\/p>\n","protected":false},"author":1,"featured_media":124,"parent":0,"menu_order":0,"comment_status":"closed","ping_status":"closed","template":"","meta":{"_acf_changed":false,"inline_featured_image":false,"footnotes":""},"class_list":["post-141","page","type-page","status-publish","has-post-thumbnail","hentry"],"acf":[],"_links":{"self":[{"href":"https:\/\/www.fazioli.com\/de\/wp-json\/wp\/v2\/pages\/141","targetHints":{"allow":["GET"]}}],"collection":[{"href":"https:\/\/www.fazioli.com\/de\/wp-json\/wp\/v2\/pages"}],"about":[{"href":"https:\/\/www.fazioli.com\/de\/wp-json\/wp\/v2\/types\/page"}],"author":[{"embeddable":true,"href":"https:\/\/www.fazioli.com\/de\/wp-json\/wp\/v2\/users\/1"}],"replies":[{"embeddable":true,"href":"https:\/\/www.fazioli.com\/de\/wp-json\/wp\/v2\/comments?post=141"}],"version-history":[{"count":2,"href":"https:\/\/www.fazioli.com\/de\/wp-json\/wp\/v2\/pages\/141\/revisions"}],"predecessor-version":[{"id":11988,"href":"https:\/\/www.fazioli.com\/de\/wp-json\/wp\/v2\/pages\/141\/revisions\/11988"}],"wp:featuredmedia":[{"embeddable":true,"href":"https:\/\/www.fazioli.com\/de\/wp-json\/wp\/v2\/media\/124"}],"wp:attachment":[{"href":"https:\/\/www.fazioli.com\/de\/wp-json\/wp\/v2\/media?parent=141"}],"curies":[{"name":"wp","href":"https:\/\/api.w.org\/{rel}","templated":true}]}}

<p>Das <strong>FAZIOLI CONCERT HALL</strong> spiegelt deutlich das Bild einer Firma wieder, die nicht nur der Förderung ihres Produktes sondern auch der Welt der Kunst und Kultur ergeben ist, für die die Fazioli Flügel bestimmt sind.<br>Der Saal, der seit 2004 neben der FAZIOLI Fabrik liegt, verfügt über 198 Sitzen plus 40 zusätzlichen Sitzen. Seine Bühne kann Musikensembles bis zu dem mittleren Orchester beherbergen.<br>Er wurde mit der größten Aufmerksamkeit zu den akustischen Merkmalen entworfen. In der Tat, dank verschiedener technischen Einrichtungen – akustische Holzwimpern, Holzpaneelen und schallabsorbierenden Material – ist es möglich, auf die Nachhallzeit einzuwirken und somit auch auf die Eigenschaften des Tonumfelds, um mehr Resonanz oder mehr Schallabsorption hinzubekommen.<br>Dank dieser Vielseitigkeit, eignet sich der Saal, Proben und Instrumentenauswähle aufzunehmen – mit besonderer Berücksichtigung auf diejenigen, die für die größten Sälen, Konzerten und Aufzeichnungen bestimmt sind.</p>



<h2 class="titolo-interno wp-block-heading">KONZERTE</h2>



<p><img decoding="async" width="1200" class=" size-full wp-image-128" src="http://www.fazioli.com/wp-content/uploads/2017/03/img-registrazioni.jpg" alt="Fazioli / Concerti" srcset="https://www.fazioli.com/wp-content/uploads/2017/03/img-registrazioni.jpg 1200w, https://www.fazioli.com/wp-content/uploads/2017/03/img-registrazioni-300x105.jpg 300w, https://www.fazioli.com/wp-content/uploads/2017/03/img-registrazioni-1024x358.jpg 1024w, https://www.fazioli.com/wp-content/uploads/2017/03/img-registrazioni-768x269.jpg 768w" sizes="(max-width: 1200px) 100vw, 1200px" /></p>



<p>Die Konzertreihe des in 2005 eröffneten Fazioli Concert Halls befindet sich heute inmitten seiner 13. Saison: eine bedeutende Etappe, die den ständigen und privilegierten Kontakt der Firma FAZIOLI mit den renommiertesten Künstlern der Weltmusikszene, sowie die Förderung der jungen Talenten – ein sehr wichtiger Punkt für FAZIOLI – hervorhebt. Genau für die Pianisten der neuen Generation wurde die „<strong>Winners</strong>“ Konzertreihe konzipiert, die für die Preisträger verschiedener Klavierwettbewerben bestimmt ist.<br>Alle Konzerte sind der Öffentlichkeit zugänglich und die Saison zieht sowohl die örtliche als auch eine ausländische Hörerschaft an, mit wesentlichen Auswirkungen auf die kulturelle Entwicklung der gesamten Gegend.</p>



<h2 class="titolo-interno wp-block-heading">AUFZEICHNUNGEN</h2>



<figure class="wp-block-image size-large"><img loading="lazy" decoding="async" width="1024" height="358" src="http://www.fazioli.com/wp-content/uploads/2017/03/img-concerti-1024x358.jpg" alt="" class="wp-image-135" srcset="https://www.fazioli.com/wp-content/uploads/2017/03/img-concerti-1024x358.jpg 1024w, https://www.fazioli.com/wp-content/uploads/2017/03/img-concerti-300x105.jpg 300w, https://www.fazioli.com/wp-content/uploads/2017/03/img-concerti-768x269.jpg 768w, https://www.fazioli.com/wp-content/uploads/2017/03/img-concerti.jpg 1200w" sizes="auto, (max-width: 1024px) 100vw, 1024px" /></figure>



<p>Aufzeichnungen am Fazioli Concert Hall sind die perfekte Lösung für diejenigen, die an einem einzigartigen Ort nach der Antwort auf verschiedene Ansprüche suchen:</p>



<ul class="wp-block-list"><li>Eine optimale und modulierbare Akustik</li><li>Ein erstrangiger Flügel</li><li>Ein immer zur Verfügung stehender Techniker</li><li>Ein angenehmes und professionelles Arbeitsumfeld.</li></ul>



<p>Vorgesehen ist, dass die Künstler mit den Toningenieuren ihres Vertrauens arbeiten.<br>In der Tat, ist der Saal absichtlich nicht mit Mikrofonen und Mixers ausgestattet, um Außentoningenieure zu ermöglichen, ihre eigene Ausrüstung im Kontrollraum einzurichten.<br>Unsere Büros können Toningenieure nachgewiesener Ruf und Erfahrung empfehlen, mit denen die Künstler (bzw. Ihre Produzenten) direkten Kontakt aufnehmen sollen, sowohl auf wirtschaftlicher als auch auf organisatorischer Ebene.</p>

<p>Das FAZIOLI CONCERT HALL spiegelt deutlich das Bild einer Firma wieder, die nicht nur der Förderung ihres Produktes sondern auch [&hellip;]</p>
