{"id":8989,"date":"2018-03-07T17:36:07","date_gmt":"2018-03-07T16:36:07","guid":{"rendered":"http:\/\/www.fazioli.com\/pianoforti\/f212-2\/"},"modified":"2022-09-06T16:04:06","modified_gmt":"2022-09-06T14:04:06","slug":"f212","status":"publish","type":"pianoforti","link":"https:\/\/www.fazioli.com\/es\/pianos\/f212\/","title":{"rendered":"F212"},"content":{"rendered":"\n<p>Dimensiones cl\u00e1sicas para uso profesional y did\u00e1ctico. Apto tambi\u00e9n para salas de concierto de peque\u00f1as y medianas dimensiones. Su perfecto equilibrio entre graves y agudos y su amplia franja din\u00e1mica hacen de \u00e9l un instrumento especialmente adecuado tambi\u00e9n para salas de grabaci\u00f3n.<\/p>\n","protected":false},"author":1,"featured_media":8203,"template":"","meta":{"_acf_changed":false,"inline_featured_image":false},"class_list":["post-8989","pianoforti","type-pianoforti","status-publish","has-post-thumbnail","hentry"],"acf":[],"_links":{"self":[{"href":"https:\/\/www.fazioli.com\/es\/wp-json\/wp\/v2\/pianoforti\/8989","targetHints":{"allow":["GET"]}}],"collection":[{"href":"https:\/\/www.fazioli.com\/es\/wp-json\/wp\/v2\/pianoforti"}],"about":[{"href":"https:\/\/www.fazioli.com\/es\/wp-json\/wp\/v2\/types\/pianoforti"}],"author":[{"embeddable":true,"href":"https:\/\/www.fazioli.com\/es\/wp-json\/wp\/v2\/users\/1"}],"wp:featuredmedia":[{"embeddable":true,"href":"https:\/\/www.fazioli.com\/es\/wp-json\/wp\/v2\/media\/8203"}],"wp:attachment":[{"href":"https:\/\/www.fazioli.com\/es\/wp-json\/wp\/v2\/media?parent=8989"}],"curies":[{"name":"wp","href":"https:\/\/api.w.org\/{rel}","templated":true}]}}

<p>Dimensiones clásicas para uso profesional y didáctico. Apto también para salas de concierto de pequeñas y medianas dimensiones. Su perfecto equilibrio entre graves y agudos y su amplia franja dinámica hacen de él un instrumento especialmente adecuado también para salas de grabación.</p>
