{"id":4566,"date":"2019-02-06T09:33:59","date_gmt":"2019-02-06T08:33:59","guid":{"rendered":"http:\/\/www.fazioli.com\/concerto_ch\/steven-isserlis-olli-mustonen-2\/"},"modified":"2019-02-06T09:33:59","modified_gmt":"2019-02-06T08:33:59","slug":"steven-isserlis-olli-mustonen-2","status":"publish","type":"concerto_ch","link":"https:\/\/www.fazioli.com\/zh-hans\/concerto_ch\/steven-isserlis-olli-mustonen-2\/","title":{"rendered":"Steven Isserlis | Olli Mustonen"},"content":{"rendered":"<p><strong>STEVEN ISSERLIS<\/strong>&nbsp; <em>violoncello<\/em><br \/>\n<strong>OLLI MUSTONEN<\/strong>&nbsp; <em>pianoforte<\/em><\/p>\n<p>Acclamato solista e fantasioso camerista, compositore di musica per bambini e scrittore di libri rivolti all\u2019infanzia, cultore degli strumenti d\u2019epoca e sostenitore di ogni nuova tendenza contemporanea: queste e molte altre sono le componenti della sfaccettata personalit\u00e0 musicale di Steven Isserlis, uno dei violoncellisti pi\u00f9 versatili del nostro tempo, come testimoniato anche dalla sua pluripremiata discografia e dal vasto repertorio. La sua collaborazione ed amicizia con il geniale Olli Mustonen, pianista e compositore che secondo lo stesso Isserlis \u201cvede il mondo attraverso occhi genuinamente diversi\u201d, si nutre di uno scambievole arricchimento attraverso le rispettive visioni musicali, che spesso travalicano i limiti del convenzionale, oltre che di un condiviso senso dell\u2019umorismo. Anche in veste di interprete e camerista, Mustonen filtra ogni nota attraverso il suo spirito di compositore, tanto che ascoltarlo \u00e8 sempre un\u2019esperienza unica. La sua musica, che \u00e8 intrisa di grande vitalit\u00e0, riflette profondamente il suo mondo interiore ed \u00e8 radicata sia nella musica del passato, con frequenti richiami a motivi popolari, sia nella potente bellezza naturale della sua nativa Finlandia.<\/p>\n<p><em>Steven Isserlis suona il violoncello Stradivari \u201cMarquis de Corberon (Nelsova)\u201d del 1726, su gentile concessione della Royal Academy of Music.<\/em><\/p>\n","protected":false},"excerpt":{"rendered":"<p>STEVEN ISSERLIS&#038;nbsp [&hellip;]<\/p>\n","protected":false},"author":1,"featured_media":3981,"template":"","meta":{"_acf_changed":false,"inline_featured_image":false},"stagione_ch":[79],"concerto":[94],"class_list":["post-4566","concerto_ch","type-concerto_ch","status-publish","has-post-thumbnail","hentry","stagione_ch-stagione-2017-18","concerto-concert-hall"],"acf":[],"_links":{"self":[{"href":"https:\/\/www.fazioli.com\/zh-hans\/wp-json\/wp\/v2\/concert-hall\/4566","targetHints":{"allow":["GET"]}}],"collection":[{"href":"https:\/\/www.fazioli.com\/zh-hans\/wp-json\/wp\/v2\/concert-hall"}],"about":[{"href":"https:\/\/www.fazioli.com\/zh-hans\/wp-json\/wp\/v2\/types\/concerto_ch"}],"author":[{"embeddable":true,"href":"https:\/\/www.fazioli.com\/zh-hans\/wp-json\/wp\/v2\/users\/1"}],"wp:featuredmedia":[{"embeddable":true,"href":"https:\/\/www.fazioli.com\/zh-hans\/wp-json\/wp\/v2\/media\/3981"}],"wp:attachment":[{"href":"https:\/\/www.fazioli.com\/zh-hans\/wp-json\/wp\/v2\/media?parent=4566"}],"wp:term":[{"taxonomy":"stagione_ch","embeddable":true,"href":"https:\/\/www.fazioli.com\/zh-hans\/wp-json\/wp\/v2\/stagione_ch?post=4566"},{"taxonomy":"concerto","embeddable":true,"href":"https:\/\/www.fazioli.com\/zh-hans\/wp-json\/wp\/v2\/concerto?post=4566"}],"curies":[{"name":"wp","href":"https:\/\/api.w.org\/{rel}","templated":true}]}}

<p><strong>STEVEN ISSERLIS</strong>&nbsp; <em>violoncello</em><br />
<strong>OLLI MUSTONEN</strong>&nbsp; <em>pianoforte</em></p>
<p>Acclamato solista e fantasioso camerista, compositore di musica per bambini e scrittore di libri rivolti all’infanzia, cultore degli strumenti d’epoca e sostenitore di ogni nuova tendenza contemporanea: queste e molte altre sono le componenti della sfaccettata personalità musicale di Steven Isserlis, uno dei violoncellisti più versatili del nostro tempo, come testimoniato anche dalla sua pluripremiata discografia e dal vasto repertorio. La sua collaborazione ed amicizia con il geniale Olli Mustonen, pianista e compositore che secondo lo stesso Isserlis “vede il mondo attraverso occhi genuinamente diversi”, si nutre di uno scambievole arricchimento attraverso le rispettive visioni musicali, che spesso travalicano i limiti del convenzionale, oltre che di un condiviso senso dell’umorismo. Anche in veste di interprete e camerista, Mustonen filtra ogni nota attraverso il suo spirito di compositore, tanto che ascoltarlo è sempre un’esperienza unica. La sua musica, che è intrisa di grande vitalità, riflette profondamente il suo mondo interiore ed è radicata sia nella musica del passato, con frequenti richiami a motivi popolari, sia nella potente bellezza naturale della sua nativa Finlandia.</p>
<p><em>Steven Isserlis suona il violoncello Stradivari “Marquis de Corberon (Nelsova)” del 1726, su gentile concessione della Royal Academy of Music.</em></p>
