{"id":4571,"date":"2019-02-06T09:34:52","date_gmt":"2019-02-06T08:34:52","guid":{"rendered":"http:\/\/www.fazioli.com\/concerto_ch\/lonquich-colibri-ensemble-2\/"},"modified":"2019-02-06T09:34:52","modified_gmt":"2019-02-06T08:34:52","slug":"lonquich-colibri-ensemble-2","status":"publish","type":"concerto_ch","link":"https:\/\/www.fazioli.com\/zh-hans\/concerto_ch\/lonquich-colibri-ensemble-2\/","title":{"rendered":"A. Lonquich &#8211; Colibr\u00ec Ensemble"},"content":{"rendered":"<p>Il nome dell\u2019orchestra, protagonista insieme ad&nbsp;Alexander Lonquich&nbsp;del pi\u00f9 ambizioso progetto mai portato alla Fazioli Concert Hall in termini di ampiezza di organico, si ispira ad un\u2019antica favola africana. Il piccolo e coraggioso colibr\u00ec, determinato a \u201cfare la sua parte\u201d nello spegnere un incendio divampato nella foresta, simboleggia l\u2019importanza di ogni singolo ruolo ai fini dei risultati artistici e della gestione della compagine orchestrale.<\/p>\n<p>Secondo questo motto l\u2019oboista Andrea Gallo, con il sostegno di privati, ha fondato nel 2013 l\u2019Orchestra da Camera di Pescara&nbsp;coinvolgendo musicisti di solida esperienza, acquisita con l\u2019attivit\u00e0 presso prestigiosi teatri e orchestre. Con Alexander Lonquich, che sempre pi\u00f9 spesso coltiva il ruolo di colto direttore parallelamente a quello di acclamato solista, il&nbsp;Colibr\u00ec&nbsp;ha avviato una fortunata collaborazione. Il loro incontro sar\u00e0 presto suggellato da un importante progetto discografico che comprender\u00e0 anche il Concerto op. 54 di Schumann.<\/p>\n<p><strong>COLIBR\u00cc ENSEMBLE<\/strong>&nbsp;(Orchestra da camera di Pescara)<br \/>\n<strong>ALEXANDER LONQUICH<\/strong>&nbsp;direttore e solista<\/p>\n","protected":false},"excerpt":{"rendered":"<p>Il nome dell\u2019orchest [&hellip;]<\/p>\n","protected":false},"author":1,"featured_media":2265,"template":"","meta":{"_acf_changed":false,"inline_featured_image":false},"stagione_ch":[73],"concerto":[94],"class_list":["post-4571","concerto_ch","type-concerto_ch","status-publish","has-post-thumbnail","hentry","stagione_ch-stagione-2016-17","concerto-concert-hall"],"acf":[],"_links":{"self":[{"href":"https:\/\/www.fazioli.com\/zh-hans\/wp-json\/wp\/v2\/concert-hall\/4571","targetHints":{"allow":["GET"]}}],"collection":[{"href":"https:\/\/www.fazioli.com\/zh-hans\/wp-json\/wp\/v2\/concert-hall"}],"about":[{"href":"https:\/\/www.fazioli.com\/zh-hans\/wp-json\/wp\/v2\/types\/concerto_ch"}],"author":[{"embeddable":true,"href":"https:\/\/www.fazioli.com\/zh-hans\/wp-json\/wp\/v2\/users\/1"}],"wp:featuredmedia":[{"embeddable":true,"href":"https:\/\/www.fazioli.com\/zh-hans\/wp-json\/wp\/v2\/media\/2265"}],"wp:attachment":[{"href":"https:\/\/www.fazioli.com\/zh-hans\/wp-json\/wp\/v2\/media?parent=4571"}],"wp:term":[{"taxonomy":"stagione_ch","embeddable":true,"href":"https:\/\/www.fazioli.com\/zh-hans\/wp-json\/wp\/v2\/stagione_ch?post=4571"},{"taxonomy":"concerto","embeddable":true,"href":"https:\/\/www.fazioli.com\/zh-hans\/wp-json\/wp\/v2\/concerto?post=4571"}],"curies":[{"name":"wp","href":"https:\/\/api.w.org\/{rel}","templated":true}]}}

A. Lonquich &#8211; Colibrì Ensemble

<p>Il nome dell’orchestra, protagonista insieme ad&nbsp;Alexander Lonquich&nbsp;del più ambizioso progetto mai portato alla Fazioli Concert Hall in termini di ampiezza di organico, si ispira ad un’antica favola africana. Il piccolo e coraggioso colibrì, determinato a “fare la sua parte” nello spegnere un incendio divampato nella foresta, simboleggia l’importanza di ogni singolo ruolo ai fini dei risultati artistici e della gestione della compagine orchestrale.</p>
<p>Secondo questo motto l’oboista Andrea Gallo, con il sostegno di privati, ha fondato nel 2013 l’Orchestra da Camera di Pescara&nbsp;coinvolgendo musicisti di solida esperienza, acquisita con l’attività presso prestigiosi teatri e orchestre. Con Alexander Lonquich, che sempre più spesso coltiva il ruolo di colto direttore parallelamente a quello di acclamato solista, il&nbsp;Colibrì&nbsp;ha avviato una fortunata collaborazione. Il loro incontro sarà presto suggellato da un importante progetto discografico che comprenderà anche il Concerto op. 54 di Schumann.</p>
<p><strong>COLIBRÌ ENSEMBLE</strong>&nbsp;(Orchestra da camera di Pescara)<br />
<strong>ALEXANDER LONQUICH</strong>&nbsp;direttore e solista</p>
