{"id":4698,"date":"2019-02-06T11:10:07","date_gmt":"2019-02-06T10:10:07","guid":{"rendered":"http:\/\/www.fazioli.com\/concerto_ch\/francesco-piemontesi-2\/"},"modified":"2019-02-06T11:10:07","modified_gmt":"2019-02-06T10:10:07","slug":"francesco-piemontesi-2","status":"publish","type":"concerto_ch","link":"https:\/\/www.fazioli.com\/zh-hans\/concerto_ch\/francesco-piemontesi-2\/","title":{"rendered":"Francesco Piemontesi"},"content":{"rendered":"<p>Da Alfred Brendel, che \u00e8 stato fra i suoi mentori,&nbsp;Francesco Piemontesi&nbsp;dice di aver imparato \u201cad amare il dettaglio\u201d e, in effetti, si riconosce in lui quella rara combinazione di virtuosismo e vivacit\u00e0 intellettuale che rende avvincente ogni sua interpretazione. \u00c8 noto per le sue raffinate esecuzioni di musiche di Mozart e del primo periodo Romantico, ma, forte di una prodigiosa tecnica e di una profonda sensibilit\u00e0, \u00e8 altrettanto a suo agio nel repertorio tardo-romantico e del primo Novecento.<\/p>\n<p>Nato a Locarno nel 1983 e berlinese di adozione, Piemontesi si \u00e8 formato con Arie Vardi ad Hannover, ricevendo inoltre i consigli di Alexis Weissenberg, Mitsuko Uchida e C\u00e9cile Ousset. Terzo premio nel 2007 al Concorso Reine \u00c9lisabeth di Bruxelles, Piemontesi si \u00e8 aggiudicato il Borletti-Buitoni fellowship di Londra e la nomina a \u201cBBC New Generation Artist\u201d, riconoscimenti che hanno dato ulteriore impulso alla sua intensa attivit\u00e0 concertistica in Europa, Stati Uniti ed Asia.<\/p>\n","protected":false},"excerpt":{"rendered":"<p>Da Alfred Brendel, c [&hellip;]<\/p>\n","protected":false},"author":1,"featured_media":2304,"template":"","meta":{"_acf_changed":false,"inline_featured_image":false},"stagione_ch":[73],"concerto":[94],"class_list":["post-4698","concerto_ch","type-concerto_ch","status-publish","has-post-thumbnail","hentry","stagione_ch-stagione-2016-17","concerto-concert-hall"],"acf":[],"_links":{"self":[{"href":"https:\/\/www.fazioli.com\/zh-hans\/wp-json\/wp\/v2\/concert-hall\/4698","targetHints":{"allow":["GET"]}}],"collection":[{"href":"https:\/\/www.fazioli.com\/zh-hans\/wp-json\/wp\/v2\/concert-hall"}],"about":[{"href":"https:\/\/www.fazioli.com\/zh-hans\/wp-json\/wp\/v2\/types\/concerto_ch"}],"author":[{"embeddable":true,"href":"https:\/\/www.fazioli.com\/zh-hans\/wp-json\/wp\/v2\/users\/1"}],"wp:featuredmedia":[{"embeddable":true,"href":"https:\/\/www.fazioli.com\/zh-hans\/wp-json\/wp\/v2\/media\/2304"}],"wp:attachment":[{"href":"https:\/\/www.fazioli.com\/zh-hans\/wp-json\/wp\/v2\/media?parent=4698"}],"wp:term":[{"taxonomy":"stagione_ch","embeddable":true,"href":"https:\/\/www.fazioli.com\/zh-hans\/wp-json\/wp\/v2\/stagione_ch?post=4698"},{"taxonomy":"concerto","embeddable":true,"href":"https:\/\/www.fazioli.com\/zh-hans\/wp-json\/wp\/v2\/concerto?post=4698"}],"curies":[{"name":"wp","href":"https:\/\/api.w.org\/{rel}","templated":true}]}}

<p>Da Alfred Brendel, che è stato fra i suoi mentori,&nbsp;Francesco Piemontesi&nbsp;dice di aver imparato “ad amare il dettaglio” e, in effetti, si riconosce in lui quella rara combinazione di virtuosismo e vivacità intellettuale che rende avvincente ogni sua interpretazione. È noto per le sue raffinate esecuzioni di musiche di Mozart e del primo periodo Romantico, ma, forte di una prodigiosa tecnica e di una profonda sensibilità, è altrettanto a suo agio nel repertorio tardo-romantico e del primo Novecento.</p>
<p>Nato a Locarno nel 1983 e berlinese di adozione, Piemontesi si è formato con Arie Vardi ad Hannover, ricevendo inoltre i consigli di Alexis Weissenberg, Mitsuko Uchida e Cécile Ousset. Terzo premio nel 2007 al Concorso Reine Élisabeth di Bruxelles, Piemontesi si è aggiudicato il Borletti-Buitoni fellowship di Londra e la nomina a “BBC New Generation Artist”, riconoscimenti che hanno dato ulteriore impulso alla sua intensa attività concertistica in Europa, Stati Uniti ed Asia.</p>
