{"id":4699,"date":"2019-02-06T11:11:33","date_gmt":"2019-02-06T10:11:33","guid":{"rendered":"http:\/\/www.fazioli.com\/concerto_ch\/duo-moser-campaner-2\/"},"modified":"2019-02-06T11:11:33","modified_gmt":"2019-02-06T10:11:33","slug":"duo-moser-campaner-2","status":"publish","type":"concerto_ch","link":"https:\/\/www.fazioli.com\/zh-hans\/concerto_ch\/duo-moser-campaner-2\/","title":{"rendered":"Duo Moser-Campaner"},"content":{"rendered":"<p>Lei si \u00e8 avvicinata per gioco al pianoforte da bambina, trascorrendo l\u2019adolescenza fra le prove con la sua rock band e lo studio del Clavicembalo ben temperato, per scegliere infine la via del concertismo \u201cclassico\u201d. Lui \u00e8 nato in una famiglia di musicisti, ha vinto il primo premio al Concorso \u010cajkovskij nel 2002 e ha un debole per il violoncello elettrico. Le affinit\u00e0 fra&nbsp;Gloria Campaner&nbsp;e&nbsp;Johannes Moser&nbsp;scaturiscono da personalit\u00e0 artistiche versatili, estroverse e al contempo rigorose.<\/p>\n<p>La jesolana Campaner, oggi cittadina del mondo, formatasi con Bruno Mezzena, Konstantin Bogino e Fany Solter, ha una particolare passione per le contaminazioni fra musica, teatro e arti visive. La musica da camera \u00e8 centrale nei suoi progetti e l\u2019incontro con lo straordinario violoncellista tedesco-canadese, definito \u201cmemorabile\u201d dal Los Angeles Times, realizza pienamente il proposito di percorrere pagine celebri del repertorio rinnovandone il potenziale espressivo e comunicativo.<\/p>\n","protected":false},"excerpt":{"rendered":"<p>Lei si \u00e8 avvicinata  [&hellip;]<\/p>\n","protected":false},"author":1,"featured_media":2291,"template":"","meta":{"_acf_changed":false,"inline_featured_image":false},"stagione_ch":[73],"concerto":[94],"class_list":["post-4699","concerto_ch","type-concerto_ch","status-publish","has-post-thumbnail","hentry","stagione_ch-stagione-2016-17","concerto-concert-hall"],"acf":[],"_links":{"self":[{"href":"https:\/\/www.fazioli.com\/zh-hans\/wp-json\/wp\/v2\/concert-hall\/4699","targetHints":{"allow":["GET"]}}],"collection":[{"href":"https:\/\/www.fazioli.com\/zh-hans\/wp-json\/wp\/v2\/concert-hall"}],"about":[{"href":"https:\/\/www.fazioli.com\/zh-hans\/wp-json\/wp\/v2\/types\/concerto_ch"}],"author":[{"embeddable":true,"href":"https:\/\/www.fazioli.com\/zh-hans\/wp-json\/wp\/v2\/users\/1"}],"wp:featuredmedia":[{"embeddable":true,"href":"https:\/\/www.fazioli.com\/zh-hans\/wp-json\/wp\/v2\/media\/2291"}],"wp:attachment":[{"href":"https:\/\/www.fazioli.com\/zh-hans\/wp-json\/wp\/v2\/media?parent=4699"}],"wp:term":[{"taxonomy":"stagione_ch","embeddable":true,"href":"https:\/\/www.fazioli.com\/zh-hans\/wp-json\/wp\/v2\/stagione_ch?post=4699"},{"taxonomy":"concerto","embeddable":true,"href":"https:\/\/www.fazioli.com\/zh-hans\/wp-json\/wp\/v2\/concerto?post=4699"}],"curies":[{"name":"wp","href":"https:\/\/api.w.org\/{rel}","templated":true}]}}

<p>Lei si è avvicinata per gioco al pianoforte da bambina, trascorrendo l’adolescenza fra le prove con la sua rock band e lo studio del Clavicembalo ben temperato, per scegliere infine la via del concertismo “classico”. Lui è nato in una famiglia di musicisti, ha vinto il primo premio al Concorso Čajkovskij nel 2002 e ha un debole per il violoncello elettrico. Le affinità fra&nbsp;Gloria Campaner&nbsp;e&nbsp;Johannes Moser&nbsp;scaturiscono da personalità artistiche versatili, estroverse e al contempo rigorose.</p>
<p>La jesolana Campaner, oggi cittadina del mondo, formatasi con Bruno Mezzena, Konstantin Bogino e Fany Solter, ha una particolare passione per le contaminazioni fra musica, teatro e arti visive. La musica da camera è centrale nei suoi progetti e l’incontro con lo straordinario violoncellista tedesco-canadese, definito “memorabile” dal Los Angeles Times, realizza pienamente il proposito di percorrere pagine celebri del repertorio rinnovandone il potenziale espressivo e comunicativo.</p>

<p>Lei si è avvicinata  [&hellip;]</p>
